 w. What is the units digit of w?
7
Let t(a) = 4*a**3 + a - 6. What is the units digit of t(3)?
5
Suppose 4 + 8 = -2*r. Let z = 4 + r. What is the units digit of z/(-4)*(9 + 5)?
7
Let m be (-3)/9*(0 + 0). Let b be m + -1 + (0 - 2). What is the tens digit of b/9 + (-62)/(-6)?
1
Let y(h) = h**2 + h + 7. What is the tens digit of y(5)?
3
Let b = -58 + 85. What is the units digit of b?
7
Suppose 0*o + 5*o = 1305. What is the tens digit of o?
6
Suppose -5*m = -3*a - 38 + 3, 4*m - 20 = 4*a. Let h = m - 5. What is the units digit of h?
5
Suppose -18*x = -15*x - 879. What is the hundreds digit of x?
2
Suppose k + o - 40 = -16, 128 = 4*k - 4*o. Suppose -3*b = -5*p + 51, 2*b = 5*p + 8 - 42. Let q = k + b. What is the units digit of q?
1
Let x be 662/7 - (-3)/7. Suppose 2*i - 65 = -3*r, -4*i + r + 0 + x = 0. What is the units digit of i?
5
What is the units digit of 1/((-2)/(-8)) - -81?
5
What is the hundreds digit of (-1)/((-8)/(-214)*(-2)/8)?
1
Suppose -5*z = -3*r - 13, 2*z + 1 = 2*r + 3. Let b(k) = 1 - 3*k + 7*k**3 - 3*k**2 - 9*k**3 + 3*k**3. What is the units digit of b(r)?
5
Suppose 0 = -3*o + 2*o + 13. What is the units digit of o?
3
Suppose 4*z + 3 = -1. What is the units digit of ((-1)/(-2))/(z/(-24))?
2
Suppose -5*k + 18 = -2*z, z + 0*z = 1. Suppose 4*d - 60 = -4*c, k*d - 79 = -d - 3*c. What is the tens digit of d?
1
Suppose 0 = 3*c - 5*h - 76, 0 = 2*c + 3*c - 3*h - 100. What is the tens digit of c?
1
Let u = 28 + -17. What is the units digit of (-100)/(-55) - (-2)/u?
2
Let x(u) = 62*u - 10. Let l(k) = -25*k + 4. Let j(t) = 12*l(t) + 5*x(t). What is the units digit of j(2)?
8
Suppose 7 = 3*l + 1. Let o(s) = 3*s**3 + 2*s - 2. What is the tens digit of o(l)?
2
Let c be 56/(-12) + (0 - (-6)/9). Let k(z) = -3*z + 3*z + z**2. What is the units digit of k(c)?
6
Let o be (-331)/(-7) - (-6)/(-21). Let j = o + -29. What is the tens digit of j?
1
Let b = -7 - -16. Suppose -b*k + 14*k - 120 = 0. What is the tens digit of k?
2
Let t = 6 - -22. What is the tens digit of t?
2
What is the units digit of -3*2/(-15) + 398/5?
0
Let q(c) = c + 2. Let k be q(2). Suppose -7 = -2*b - f, -k*f - f = -4*b + 35. What is the units digit of b?
5
Suppose 2*u - 7 = 3. Suppose 3*k - 15 = u*s, -s = 4*k + 2*s + 9. Suppose -w + 1 + 16 = k. What is the tens digit of w?
1
Let f(o) = 4*o + 1. Let y = 22 + -13. What is the tens digit of f(y)?
3
Let i be 33/9 - 2/(-6). Suppose -i*h = -36 - 16. Let b = h + -8. What is the units digit of b?
5
What is the units digit of 1 + (-901)/(-7) - 12/(-42)?
0
Let y(j) = j**3 + 6*j**2 + 11*j - 1. Let s(g) = -g**3 - 6*g**2 - 10*g + 1. Let f(q) = 5*s(q) + 4*y(q). What is the units digit of f(-5)?
6
Suppose -21 = -5*q + 4. Let a be (-2)/(-9) - 101/9. Let s = q - a. What is the tens digit of s?
1
Suppose p = 5*v + 20, 4*v - 4*p = -20 - 12. What is the units digit of 2 + v + 7 + -2?
4
Let r = -27 + 29. What is the units digit of r?
2
Suppose 3*u - 46 = -19. Suppose v = -2*v + u. What is the units digit of v?
3
Let d(t) = -t - 9. Let z be d(-7). Let k(a) = -3*a**3 - 4*a**2 - a + 2. What is the units digit of k(z)?
2
Let d = 10 - 4. Suppose 0 = 4*l - 46 + d. What is the tens digit of l?
1
Let g = 335 + -150. What is the tens digit of g?
8
Suppose 15*w - 20 = 10*w. What is the units digit of w?
4
Let c = 10 + 41. What is the units digit of c?
1
Suppose -2*k = k - 129. Let a = k - -9. What is the units digit of (7/(-14))/((-2)/a)?
3
Suppose 1 + 1 = -h. Suppose 2*r = -2*n - 14, -5*n - 2*r = 9 + 17. What is the units digit of (-6)/h + n/2?
1
Suppose -6*f = -57 - 3. Let l = 3 - -3. Let h = f - l. What is the units digit of h?
4
What is the tens digit of 31 + -3 + (1 - -2)?
3
Let n(l) = l**3 + 3*l**2 - 5*l - 2. Let q be n(-4). Let d be (-8)/12*207/(-6). Suppose -q + d = 3*x. What is the units digit of x?
7
Let l = 944 - 586. What is the hundreds digit of l?
3
What is the units digit of ((-2)/7 + (-7)/147)*-69?
3
Let p(x) = 11*x**2 - x + 2. Let y be p(2). Suppose -3*n - 5*z = -59 - 21, 3*n - 4*z - y = 0. What is the tens digit of n?
2
Suppose 0 = 3*k - 3, -2*i + 14 = -0*i + 2*k. What is the units digit of -2*-1*3/i?
1
Let l = 7 + -1. Suppose 3*z = -l, -5 - 9 = -4*c + 5*z. Suppose 16 = 5*y + c. What is the units digit of y?
3
Suppose 2*z = 3*u - 0*u - 35, -5*z = 3*u - 28. What is the units digit of (-234)/(-8) + u/(-44)?
9
Let k(q) = -9*q - 9. What is the units digit of k(-4)?
7
Let w = 11 + -6. Suppose j - 14 = -w. What is the units digit of j?
9
Let h(w) = -w**3 - 2*w**2 + 3*w + 2. Let x be (6 + -5)/(1/(-3)). Let u be h(x). Let b = u - 0. What is the units digit of b?
2
Suppose 0 = 3*p + 2*j - 325, -j + 448 = 4*p - 2*j. What is the units digit of p?
1
Suppose 33 = -n - 3*q + 10, 4*q = n + 16. What is the units digit of (n/1)/(7 - 8)?
0
Suppose 2*w = 5*w + 6. Let o(l) = -l**3 + 3*l**2 - 2. What is the units digit of o(w)?
8
What is the units digit of -8*(-4)/8 - -110?
4
Let j(w) = w**2 - w - 1. What is the units digit of j(3)?
5
Let y(a) = -a**3 + 4*a**2 - a. Let q be y(3). Let x = q + -2. What is the units digit of (7/x)/(3/12)?
7
Let c(f) = 25*f + 1. What is the units digit of c(1)?
6
Let u(h) = -h**3 - 6*h**2 - 5*h + 2. Let q be u(-5). Let j(b) = 8*b. Let c be j(q). Suppose -5*l + c = -64. What is the tens digit of l?
1
Suppose 2*u + 0*u - 4 = 0, 2*u = -2*k + 16. Suppose -2*d = 2*d - 2*c - 20, -3*c - k = 0. What is the units digit of d?
4
Suppose 2*t - 620 + 222 = 0. What is the hundreds digit of t?
1
Suppose -20 + 95 = 3*w - 2*d, -4*d = -12. What is the units digit of (w/(-12))/((-9)/24)?
6
Let a(j) be the second derivative of -5*j**4/6 + 3*j. Let m be a(1). Let p = m - -19. What is the units digit of p?
9
Let y = 144 - 16. What is the tens digit of y?
2
Suppose -2*l + 4*w + 14 = 0, 6*w = -2*l + w - 13. Let s(z) = -1 + 2*z + 3*z + z. What is the units digit of s(l)?
5
Let u(q) = q + 15. What is the units digit of u(0)?
5
What is the units digit of ((-1)/3)/((-5)/345)?
3
Suppose n - 2*n + 7 = 0. Let t = n - 5. Suppose 0*f + t*f - 12 = 0. What is the units digit of f?
6
Suppose l + 258 = 4*m, m + 3*l - 8*l - 74 = 0. What is the units digit of m?
4
Suppose -5 = -w - 1. Suppose 238 = 5*b - w*m, 146 = -b + 4*b - 4*m. What is the units digit of b?
6
Suppose -2*u - 190 = -2*c, -5*c - 2*u - 23 = -526. What is the tens digit of c?
9
Let a be ((-6)/9)/((-1)/(-3)). Let p be 9/(3/6*a). Let l = -6 - p. What is the units digit of l?
3
Let h(i) = -12*i - 2. What is the units digit of h(-6)?
0
Let h(o) = o**3 + 7*o**2 - 4*o - 14. What is the tens digit of h(-6)?
4
Suppose -4*s + 0*s + 236 = 0. What is the units digit of s?
9
Suppose -4*y + 336 = 4*m, y - 62 = -4*m + 283. Suppose -3*u - 27 = -m. What is the units digit of u?
0
Suppose -3*s + 6 = s + f, -2*s = -f - 6. What is the tens digit of 2*s/4*42?
4
Let l = -45 - -50. Suppose 0 = -5*u - 10, k - 2 = -4*u + 19. Suppose -2*t = l - k. What is the units digit of t?
2
Suppose n - 15 = -1. What is the units digit of n?
4
Suppose 2*h - h = 3. Suppose -x = -w - 12, w + 0*w = h*x - 28. What is the units digit of x?
8
Suppose -2*s - 432 = -8*s. What is the units digit of s?
2
Let o = 100 - 50. What is the tens digit of o?
5
What is the tens digit of 1 + -4 + 93 + 4?
9
Let h be (4/3)/(12/18). Suppose 4*c + 18 + 16 = w, h*c = -5*w + 60. Suppose -30 = -4*g + w. What is the units digit of g?
1
Suppose -5*m - 31 = -3*q + 2, 15 = 3*q + m. Suppose 60 = 5*s + 5*i, -73 = -q*s + 2*s + i. What is the tens digit of s?
1
Let t(s) = -s**3 + s**2 - s - 1. Let w be t(-1). Suppose 3*z + 9*u - 5*u - 21 = 0, -3 = -w*z + u. What is the units digit of z?
3
Suppose -3*c = -7*c + 12. Suppose -c*v = -v + 6. What is the units digit of v/9 - (-28)/3?
9
Let j = -4 + 8. Suppose j*g = 3*g + 27. What is the units digit of g?
7
Let x be (-2)/5 - 235/(-25). Let j = -5 + x. What is the units digit of j?
4
What is the units digit of 12 - (-1)/(-2)*8?
8
Let f(d) = 3*d - 3. Let g be f(3). Suppose g*c - 6 = 3*c. What is the units digit of c?
2
Let d = 733 + -481. What is the tens digit of d?
5
Let a be 4/(-8) + (-31)/(-2). Let q = a - 4. What is the units digit of q?
1
Let x = 33 + -20. What is the units digit of x?
3
Let f = 1 - 3. What is the units digit of 1/f - (-25)/2?
2
Let y(k) be the third derivative of k**6/120 + k**5/20 - k**4/8 + k**3/6 - k**2. What 